alculate s(31).
-36
Let t(h) = -h**3 - 3*h**2 - 6*h - 4. Calculate t(-2).
4
Let u(k) = 26*k + 111. Determine u(-4).
7
Let a(u) = 7*u**3 - 3*u**2 - 5*u. Determine a(-1).
-5
Let s(l) = 10*l + 405. Give s(-43).
-25
Let b(q) = -q**3 - 6*q**2 + 8*q - 2. What is b(-6)?
-50
Let t(d) = -39*d**2 + 2*d + 1. Determine t(-1).
-40
Let g(k) = -k**3 - 14*k**2 - 2*k - 30. Give g(-14).
-2
Let u(n) = -n**2 - 36*n + 72. Give u(-38).
-4
Let o(r) = -2*r**2 + r + 7. Give o(3).
-8
Let y(d) = d**3 + d**2 + d - 1. Determine y(-2).
-7
Let k(h) = 21*h + 212. Give k(-10).
2
Let a(d) = -d**3 + 10*d**2 - 14*d - 4. What is a(7)?
45
Let j(g) = -16*g + 2. Give j(1).
-14
Let x(g) = -g**2 - 2*g + 3. What is x(-4)?
-5
Let z(u) = u**3 - 8*u**2 + 17*u - 9. What is z(3)?
-3
Let l(a) = a - 8. Calculate l(17).
9
Let y(i) = -2*i - 4. Determine y(0).
-4
Let p(a) = -48*a + 286. What is p(6)?
-2
Let j(g) = -12*g**2 - 5*g + 8. Calculate j(2).
-50
Let i(s) = -10*s**3 + s. Calculate i(1).
-9
Let l(x) = x**2 + 8*x + 10. Give l(-5).
-5
Let m(n) = 2*n**3 + 6*n**2 - n - 4. Give m(-4).
-32
Let j(u) = -u**3 - u**2 - 4*u + 1. Give j(-3).
31
Let p(k) = k**3 - 8*k**2 + k - 4. Determine p(8).
4
Let y(z) = 26*z - 279. What is y(11)?
7
Let t(u) = -u**3 - 10*u**2 + 2*u + 5. What is t(-10)?
-15
Let u(o) = o**3 + 22*o**2 - 23*o - 10. Give u(-23).
-10
Let o(f) = f**3 + 4*f**2 + 2*f - 8. Give o(-3).
-5
Let d(x) = 8*x - 229. Calculate d(30).
11
Let f(w) = w**3 - 10*w**2 + 7*w + 13. What is f(9)?
-5
Let j(g) = -17*g - 2. Calculate j(1).
-19
Let o(l) = -l**3 - 12*l**2 + 8*l - 17. What is o(-13)?
48
Let i(l) = -9*l**3 - 2*l**2 + 4*l - 1. Calculate i(1).
-8
Let t(x) = -6*x - 18. Determine t(-4).
6
Let b(a) = a**3 - 12*a**2 + 8*a + 16. Give b(11).
-17
Let h(b) = -22*b**3 - 2*b + 2. Determine h(1).
-22
Let w(b) = -b**2 + 7*b + 1. Determine w(-6).
-77
Let l(n) = -14*n - 5. Give l(8).
-117
Let p(j) = -6*j - 4. Calculate p(-8).
44
Let n(h) = h**2 - h + 42. What is n(0)?
42
Let z(x) = -x**2 - 15*x - 44. Determine z(-9).
10
Let t(u) = 11*u**2 + 7*u - 6. Give t(2).
52
Let c(m) = m**3 - 16*m**2 + 21*m - 8. Determine c(15).
82
Let m(b) = -b**2 + 28*b + 165. Determine m(-5).
0
Let r(d) = 4*d**2 - d. What is r(1)?
3
Let k(i) = 55*i**3 + 2*i**2 + 3*i + 2. What is k(-1)?
-54
Let v(h) = -10*h**2 + 1. Calculate v(1).
-9
Let o(a) = -a**2 - 40*a - 134. What is o(-36)?
10
Let o(m) = 4*m**2 - 32*m + 8. Give o(8).
8
Let v(f) = 3*f**3 + 3*f**2 - 5*f - 4. Determine v(-3).
-43
Let d(k) = 2*k**3 - 3*k**2 - 5*k + 3. Give d(4).
63
Let d(b) = b**3 + 14*b**2 + b + 9. Determine d(-14).
-5
Let l(n) = -7*n + 5. Give l(-1).
12
Let r(t) = 3*t**2 + 15*t + 21. Give r(-5).
21
Let v(u) = 12*u - 4. What is v(-5)?
-64
Let g(n) = 17*n - 496. What is g(29)?
-3
Let h(z) = -2*z**2 + 32*z + 22. Determine h(18).
-50
Let c(v) = 10*v + 3. Calculate c(-1).
-7
Let g(u) = u**3 + u + 12. Calculate g(0).
12
Let h(y) = -y + 4. Calculate h(4).
0
Let s(t) = t**2 + 8*t + 7. What is s(-5)?
-8
Let f(s) = s**3 - s**2 - 7. What is f(3)?
11
Let f(n) = 2*n + 20. Determine f(-5).
10
Let r(x) = x**3 - 7*x**2 + 10*x - 15. Determine r(6).
9
Let x(f) = -f**3 + 9*f**2 - 4*f - 4. Calculate x(8).
28
Let f(j) = 2*j**2 - 5*j + 4. Give f(2).
2
Let f(o) = 3*o**2 - 4*o + 5. What is f(2)?
9
Let g(h) = 8*h + 64. Determine g(-8).
0
Let r(o) = 10*o + 94. Determine r(-9).
4
Let k(d) = -d**2 - 4*d + 3. Give k(7).
-74
Let s(o) = o - 40. What is s(31)?
-9
Let k(z) = z**2 + 16. What is k(0)?
16
Let v(w) = -w**2 - 3*w + 45. Give v(0).
45
Let j(r) = 9*r**2 + 1. Calculate j(-1).
10
Let r(p) = -p + 9. Give r(11).
-2
Let n(r) = -18*r + 4. What is n(2)?
-32
Let t(u) = -u**2 - 15*u - 35. Determine t(-9).
19
Let f(m) = m**3 - 10*m**2 + 5. Calculate f(10).
5
Let a(u) = 39*u - 1. Determine a(1).
38
Let t(f) = f**2 + 6*f - 14. Determine t(7).
77
Let q(v) = 3*v + 30. Determine q(-18).
-24
Let q(i) = -i**3 - 9*i**2 + 9*i + 14. Calculate q(-6).
-148
Let o(i) = -i**3 - 23*i**2 - 21*i + 9. Determine o(-22).
-13
Let l(c) = c**3 - 28*c**2 + 53*c + 10. Calculate l(26).
36
Let k(z) = -z**3 + 5*z**2 + 10*z + 2. Calculate k(7).
-26
Let z(a) = a**2 + 12*a - 16. Give z(-13).
-3
Let a(k) = 37*k + 31. Determine a(-1).
-6
Let f(n) = -n**2 + 5*n - 19. What is f(4)?
-15
Let h(w) = -16*w + 36. Give h(0).
36
Let c(m) = m**2 - 6*m + 15. Calculate c(5).
10
Let r(o) = -o - 15. Calculate r(-13).
-2
Let i(a) = a**3 - 8*a**2 - 4*a - 22. Calculate i(9).
23
Let q(c) = -c**3 + 20*c**2 + 20*c + 27. What is q(21)?
6
Let g(p) = p**3 - 11*p**2 + 10*p + 8. What is g(10)?
8
Let z(q) = -4*q - 3. What is z(6)?
-27
Let s(h) = 9*h + 7. Give s(-5).
-38
Let w(n) = -n**3 + 7*n**2 - 12*n + 39. Give w(6).
3
Let g(v) = 16*v - 2. Give g(3).
46
Let f(z) = z**3 + 4*z**2 + 2*z + 13. Calculate f(-4).
5
Let z(a) = -a**3 + 35*a**2 + 71*a + 117. What is z(37)?
6
Let t(x) = 3*x + 41. Give t(-3).
32
Let n(i) = 14*i**2 + i - 1. Calculate n(2).
57
Let x(u) = -u**3 - 5*u**2 + 4. Give x(-5).
4
Let q(h) = -10*h - 212. Give q(-21).
-2
Let b(s) = s**2 + 12*s - 59. Calculate b(-16).
5
Let d(q) = q**3 - 8*q**2 - 10*q + 21. Give d(9).
12
Let y(p) = -6*p - 14. What is y(-4)?
10
Let m(r) = 26*r + 2. Calculate m(2).
54
Let l(c) = 3*c**2 - 81*c. Calculate l(27).
0
Let h(d) = d**3 - 4*d**2 - d + 6. What is h(4)?
2
Let n(o) = 13*o + 29. Determine n(-12).
-127
Let y(o) = 24*o + 68. Give y(-3).
-4
Let i(p) = p**2 - 10*p - 3. What is i(10)?
-3
Let n(z) = 15*z - 2. Give n(2).
28
Let t(z) = -z**3 - 7*z**2 + z + 1. Determine t(-7).
-6
Let o(j) = 4*j**2 - 5*j + 5. Determine o(4).
49
Let j(d) = -d**2 - 3*d + 1. Give j(-6).
-17
Let r(j) = -9*j - 188. Give r(-25).
37
Let a(s) = -8*s - 2. Give a(1).
-10
Let n(d) = -5*d - 55. Determine n(-19).
40
Let f(s) = -17*s + 302. What is f(16)?
30
Let r(k) = -k**3 + 7*k**2 - 5*k - 3. Give r(6).
3
Let y(z) = z**3 + z**2 + 7. Give y(0).
7
Let w(b) = -40*b + 466. What is w(12)?
-14
Let f(k) = k**3 - 3*k**2 - 5. Determine f(5).
45
Let z(p) = 15*p - 1. Determine z(-3).
-46
Let t(b) = 2*b**2 - 49*b + 243. Give t(17).
-12
Let b(r) = 26*r - 3. Calculate b(2).
49
Let p(d) = 23*d**3 + 4*d**2 - 2*d - 1. Give p(1).
24
Let v(b) = b**3 - 10*b**2 - 10*b + 15. Determine v(10).
-85
Let z(d) = -2*d**2 - 7*d + 10. Calculate z(-6).
-20
Let c(k) = -k**2 + 8*k - 2. Determine c(10).
-22
Let u(o) = -19*o**3 - o**2 - o + 1. Determine u(1).
-20
Let d(k) = k**3 + 7*k**2 - 5*k + 17. What is d(-8)?
-7
Let m(x) = -3*x**2 - 3*x - 4. What is m(5)?
-94
Let b(j) = -j**2 + 23*j - 50. Give b(21).
-8
Let f(w) = -5*w - 83. Give f(-18).
7
Let q(h) = -2*h**3 - 12*h**2 + h + 7. Calculate q(-6).
1
Let g(t) = -2*t**2 - 127*t - 178. Determine g(-62).
8
Let y(r) = -r**3 - 26*r**2 + 4*r - 623. Determine y(-27).
-2
Let a(c) = -5*c. What is a(-2)?
10
Let j(m) = -6*m + 5. Give j(-8).
53
Let b(f) = -f**3 + 7*f**2 - 6*f - 1. What is b(6)?
-1
Let v(t) = t**3 - 11*t**2 - t + 1. Determine v(11).
-10
Let p(s) = -s + 2. Give p(-7).
9
Let t(v) = -3*v**2 - 40*v - 47. Give t(-12).
1
Let g(j) = j**3 + 28*j**2 + 12*j + 337. Determine g(-28).
1
Let u(v) = -v + 2. Calculate u(8).
-6
Let n(i) = i**3 - 9*i**2 - 4*i - 9. Give n(10).
51
Let z(l) = l - 13. Give z(9).
-4
Let h(f) = -5*f - 9. Calculate h(0).
-9
Let x(k) = k**2 + 42*k - 244. Give x(-47).
-9
Let j(r) = -r**3 + 4*r**2 + 2*r - 2. Determine j(3).
13
Let m(v) = -4*v + 19. What is m(-7)?
47
Let x(p) = p**3 + 15*p**2 - 19*p + 22. Determine x(-17).
-233
Let y(r) = r**3 + r**2 - 3. What is y(2)?
9
Let k(f) = f**2 + 37*f - 420. What is k(-46)?
-6
Let n(f) = 2*f**3 - 16*f**2 + f - 38. Calculate n(8).
-30
Let h(g) = -59*g - 301. What is h(-5)?
-6
Let w(i) = 13*i. Determine w(-1).
-13
Let v(k) = -k**2 - 2*k + 7. Determine v(-3).
4
Let h(d) = -3*d**2 - 31*d - 26. Give h(-8).
30
Let d(v) = v**2 - 6*v - 6. Give d(6).
-6
Let h(t) = t**2 - 31*t + 50. What is h(29)?
-8
Let q(w) = w**3 + 8*w**2 - 35*w - 17. What is q(-11)?
5
Let y(g) = 13*g. Determine y(-3).
-39
Let y(d) = 3*d**2 - 43. What is y(0)?
-43
Let r(i) = -i**2 - 3*i - 20. Determine r(-8).
-60
Let m(v) = -10*v + 3. What is m(1)?
-7
Let p(c) = c**2 + 30*c - 24. What is p(-31)?
7
Let m(d) = -4*d - 5. What is m(-5)?
15
Let a(s) = -2*s**3 - 23*s**2 + 3*s - 4. Calculate a(-11).
-158
Let j(k) = -k**3 - 29*k**2 + 4*k + 112. Calculate j(-29).
-4
Let s(c) = -5*c + 53. What is s(10)?
3
Let g(h) = h + 4. Calculate g(